{"id":12,"date":"2017-09-07T18:04:38","date_gmt":"2017-09-07T18:04:38","guid":{"rendered":"https:\/\/2018.torino.wordcamp.org\/organizers\/"},"modified":"2018-01-10T21:29:40","modified_gmt":"2018-01-10T20:29:40","slug":"organizers","status":"publish","type":"page","link":"https:\/\/torino.wordcamp.org\/2018\/organizers\/","title":{"rendered":"Organizzatori"},"content":{"rendered":"\t<div class=\"wcorg-organizers\">\n\n\t\t\n\t\t\t<div class=\"wcorg-organizer\">\n\t\t\t\t<h2>Carmen Tortorella<\/h2>\n\t\t\t\t<div class=\"wcorg-organizer-description\">\n\t\t\t\t\t\t\t\t\t\t<img alt='' src='https:\/\/secure.gravatar.com\/avatar\/fc9ee21cd845e3d832e9c95869243d9b586465a62556e5dd4c64962f2aadecc3?s=100&#038;d=mm&#038;r=g' srcset='https:\/\/secure.gravatar.com\/avatar\/fc9ee21cd845e3d832e9c95869243d9b586465a62556e5dd4c64962f2aadecc3?s=200&#038;d=mm&#038;r=g 2x' class='avatar avatar-100 photo' height='100' width='100' \/>\t\t\t\t\t<p>Sono una web e graphic designer. Progetto loghi e identit\u00e0 visive per liberi professionisti e piccole\/medie imprese.<br \/>\nCredo che un brand sia prima di tutto un messaggio e che carta e matita siano sempre un buon inizio, per tutto.<br \/>\nUtilizzo WordPress per progettare siti web (sempre dopo carta e matita) e sono nell\u2019organizzazione del WordPress Torino Meetup e di WordCamp Torino per il terzo anno consecutivo.<\/p>\n\t\t\t\t<\/div>\n\t\t\t<\/div>\n\n\t\t\n\t\t\t<div class=\"wcorg-organizer\">\n\t\t\t\t<h2>Emanuele Cescon<\/h2>\n\t\t\t\t<div class=\"wcorg-organizer-description\">\n\t\t\t\t\t\t\t\t\t\t<img alt='' src='https:\/\/secure.gravatar.com\/avatar\/0e878c55941d5f2141425b84e836d2facffad0870d23129c66d52d40edf03f28?s=100&#038;d=mm&#038;r=g' srcset='https:\/\/secure.gravatar.com\/avatar\/0e878c55941d5f2141425b84e836d2facffad0870d23129c66d52d40edf03f28?s=200&#038;d=mm&#038;r=g 2x' class='avatar avatar-100 photo' height='100' width='100' \/>\t\t\t\t\t<p>Sono un web designer, programmatore e formatore freelance.<br \/>\nMi occupo di progettare e realizzare siti web per la piccola e media impresa utilizzando diversi tipi di linguaggi, ma un unico CMS: WordPress, di cui mi sono innamorato, e lo uso per realizzare tutti i miei siti. Una strada nuova da esplorare, per crescere e migliorare sempre. Da anni cerco collaborazione e dialogo in un mondo di segretezza e paura.<br \/>\nSono anche un formatore con larga esperienza nella tenuta di corsi di web e office application.<br \/>\nSono nel gruppo MeetUp di Torino dal 2016 e per me \u00e8 la prima esperienza nella gestione di un WordCamp.<\/p>\n\t\t\t\t<\/div>\n\t\t\t<\/div>\n\n\t\t\n\t\t\t<div class=\"wcorg-organizer\">\n\t\t\t\t<h2>Francesca Marano<\/h2>\n\t\t\t\t<div class=\"wcorg-organizer-description\">\n\t\t\t\t\t\t\t\t\t\t<img alt='' src='https:\/\/secure.gravatar.com\/avatar\/241584c8900ae5ccd62ff4c9db7d58e58bc9e0dc0162d4bdcac2a916d586c7ed?s=100&#038;d=mm&#038;r=g' srcset='https:\/\/secure.gravatar.com\/avatar\/241584c8900ae5ccd62ff4c9db7d58e58bc9e0dc0162d4bdcac2a916d586c7ed?s=200&#038;d=mm&#038;r=g 2x' class='avatar avatar-100 photo' height='100' width='100' \/>\t\t\t\t\t<p>Sono la WordPress Community Manager di SiteGround. Faccio parte del Community Team di WordPress.org, organizzo meetup e WordCamp a Torino e partecipo a numerosi eventi WordPress internazionali.<br \/>\nHo fondato C+B, un blog con uno staff di pi\u00f9 di sessanta collaboratori dedicato alle donne in proprio creative italiane.<br \/>\nSono una speaker appassionata e mi potete trovare in Italia e in giro per il mondo a parlare di WordPress, community, open source, donne in tech e piccoli business.<\/p>\n\t\t\t\t<\/div>\n\t\t\t<\/div>\n\n\t\t\n\t\t\t<div class=\"wcorg-organizer\">\n\t\t\t\t<h2>Francesco Grasso<\/h2>\n\t\t\t\t<div class=\"wcorg-organizer-description\">\n\t\t\t\t\t\t\t\t\t\t<img alt='' src='https:\/\/secure.gravatar.com\/avatar\/960acbf050d76c6679990cf6e06a9e3a55e6fc861847df0e3167f041150bc4b3?s=100&#038;d=mm&#038;r=g' srcset='https:\/\/secure.gravatar.com\/avatar\/960acbf050d76c6679990cf6e06a9e3a55e6fc861847df0e3167f041150bc4b3?s=200&#038;d=mm&#038;r=g 2x' class='avatar avatar-100 photo' height='100' width='100' \/>\t\t\t\t\t<p>Mi chiamo Francesco Grasso e sono un web developer innamorato di WordPress. Ho iniziato la mia carriera lavorativa come sistemista di rete, dopo esperienze di freelance nel campo della grafica. Da quando ho scoperto il web e la magia che ci sta dietro ho iniziato un processo di formazione che credo non avr\u00e0 mai fine.<br \/>\nSono web developer e trainer per Your Inspiration e YITHemes e faccio di tutto, nel mio piccolo, per far crescere la comunit\u00e0 WordPress italiana. Sono anche co-organizzatore del WordPress meetup Catania.<\/p>\n\t\t\t\t<\/div>\n\t\t\t<\/div>\n\n\t\t\n\t\t\t<div class=\"wcorg-organizer\">\n\t\t\t\t<h2>Gessica Peretti<\/h2>\n\t\t\t\t<div class=\"wcorg-organizer-description\">\n\t\t\t\t\t\t\t\t\t\t<img alt='' src='https:\/\/secure.gravatar.com\/avatar\/fad6c6a4835c37b6301a3f1acc97085c63e2b88207c3efc9f2d3ee59e3f08465?s=100&#038;d=mm&#038;r=g' srcset='https:\/\/secure.gravatar.com\/avatar\/fad6c6a4835c37b6301a3f1acc97085c63e2b88207c3efc9f2d3ee59e3f08465?s=200&#038;d=mm&#038;r=g 2x' class='avatar avatar-100 photo' height='100' width='100' \/>\t\t\t\t\t<p>Sono una freelance che ama la creativit\u00e0 e l&#8217;ingegno e ne ha fatto il suo lavoro. Mi occupo di grafica tradizionale e web design (ovviamente anche con WordPress).<br \/>\nMi piace ridere e soprattutto ridere insieme agli altri. Cerco sempre di instaurare dei rapporti veri con le persone e per questo amo la franchezza. La fiducia (che dono o che ricevo) \u00e8 un valore molto importante nella mia vita.<br \/>\nFrequento il MeetUp di Torino dal 2016 e sono entrata a fine 2017 nel team dell&#8217;organizzazione. Lo scorso anno ho partecipato al WordCamp Torino come Volontaria ed ora mi sono imbarcata in questa avventura.<\/p>\n\t\t\t\t<\/div>\n\t\t\t<\/div>\n\n\t\t\n\t\t\t<div class=\"wcorg-organizer\">\n\t\t\t\t<h2>Giulia Tosato<\/h2>\n\t\t\t\t<div class=\"wcorg-organizer-description\">\n\t\t\t\t\t\t\t\t\t\t<img alt='' src='https:\/\/secure.gravatar.com\/avatar\/9d08e373f0252fa7786f9187f9d692d49845ee8b45f281a5f9a8d9032b9b9a41?s=100&#038;d=mm&#038;r=g' srcset='https:\/\/secure.gravatar.com\/avatar\/9d08e373f0252fa7786f9187f9d692d49845ee8b45f281a5f9a8d9032b9b9a41?s=200&#038;d=mm&#038;r=g 2x' class='avatar avatar-100 photo' height='100' width='100' \/>\t\t\t\t\t<p>Mi sono innamorata della community WordPress fin da subito: al primo WordCamp Torino, nel 2016. Da allora non ho pi\u00f9 potuto farne a meno! Come volontaria, speaker o organizzatrice non mi perdo un WordCamp, e contribuisco al progetto cercando di coinvolgere sempre pi\u00f9 persone nella community. Ho co-fondato il WordPress Meetup Verona e sto iniziando ad organizzare il WordCamp Verona.<br \/>\nSono una freelance, il mio mestiere \u00e8 comunicare. Progetto strategie digitali per costruire relazioni, mettendo al centro i contenuti e le persone.<\/p>\n\t\t\t\t<\/div>\n\t\t\t<\/div>\n\n\t\t\n\t\t\t<div class=\"wcorg-organizer\">\n\t\t\t\t<h2>Laura Sacco<\/h2>\n\t\t\t\t<div class=\"wcorg-organizer-description\">\n\t\t\t\t\t\t\t\t\t\t<img alt='' src='https:\/\/secure.gravatar.com\/avatar\/6a2b01a5941c76bbe46c5db8f7aea0135b2f35c91baa8a2520598c74ce494ebb?s=100&#038;d=mm&#038;r=g' srcset='https:\/\/secure.gravatar.com\/avatar\/6a2b01a5941c76bbe46c5db8f7aea0135b2f35c91baa8a2520598c74ce494ebb?s=200&#038;d=mm&#038;r=g 2x' class='avatar avatar-100 photo' height='100' width='100' \/>\t\t\t\t\t<p>Educatrice professionale, sociologa, formatrice e consulente di impresa nonprofit, dopo una carriera nel sociale ho deciso di trasformare la mia passione per la tecnologia, il digitale e le \u201ccose di internet\u201d in lavoro e oggi sono Mentore Digitale.<br \/>\nMi piace aiutare le persone ad acquisire nuove conoscenze informatiche e a padroneggiare i dispositivi elettronici in modo da rendere pi\u00f9 veloci ed efficienti alcuni compiti quotidiani.<br \/>\nAppassionata di WordPress, contribuisco alla crescita della sua Community italiana e internazionale partecipando in modo volontario e attivo al team Polyglots come GTE per l\u2019Italia e al gruppo degli organizzatori del WordPress Meetup di Torino.<br \/>\n<em>Credo che le fiabe siano vere e che la realt\u00e0 dipenda dalla prospettiva.<\/em><\/p>\n\t\t\t\t<\/div>\n\t\t\t<\/div>\n\n\t\t\n\t\t\t<div class=\"wcorg-organizer\">\n\t\t\t\t<h2>Ljuba Davi\u00e8<\/h2>\n\t\t\t\t<div class=\"wcorg-organizer-description\">\n\t\t\t\t\t\t\t\t\t\t<img alt='' src='https:\/\/secure.gravatar.com\/avatar\/bb4735a724b1be7af9d989c059c9c953894644c79ddefe3df48d0dedeb3dfa5b?s=100&#038;d=mm&#038;r=g' srcset='https:\/\/secure.gravatar.com\/avatar\/bb4735a724b1be7af9d989c059c9c953894644c79ddefe3df48d0dedeb3dfa5b?s=200&#038;d=mm&#038;r=g 2x' class='avatar avatar-100 photo' height='100' width='100' \/>\t\t\t\t\t<p>Sono una freelance convinta, realizzo siti internet con WordPress e mi occupo di consulenza e formazione per piccoli business.<br \/>\nAmo creare siti belli da vedere e facili da navigare.<br \/>\nCredo nelle relazioni, nella collaborazione, nelle persone vere.<br \/>\nDetesto i guru e le persone che non condividono con generosit\u00e0 le proprie competenze per paura della concorrenza.<br \/>\nSono curiosa e amo viaggiare: ho fatto lunghi, meravigliosi on the road in terra americana, gironzolando da est a ovest.<\/p>\n\t\t\t\t<\/div>\n\t\t\t<\/div>\n\n\t\t\n\t\t\t<div class=\"wcorg-organizer\">\n\t\t\t\t<h2>Rocco Aliberti<\/h2>\n\t\t\t\t<div class=\"wcorg-organizer-description\">\n\t\t\t\t\t\t\t\t\t\t<img alt='' src='https:\/\/secure.gravatar.com\/avatar\/1d8572724eb26ac34bead171e14e13346880fd16cb04edcc0a45158c33c808af?s=100&#038;d=mm&#038;r=g' srcset='https:\/\/secure.gravatar.com\/avatar\/1d8572724eb26ac34bead171e14e13346880fd16cb04edcc0a45158c33c808af?s=200&#038;d=mm&#038;r=g 2x' class='avatar avatar-100 photo' height='100' width='100' \/>\t\t\t\t\t<p>Sono un web developer freelance. Ho iniziato ad avvicinarmi all&#8217;informatica a causa dei miei genitori che, contrari all&#8217;acquisto di varie console di gaming in voga nei 90s, mi regalarono prima un&#8217;Amiga64 e successivamente il mio primo personal computer, usato, un fantastico 386.<br \/>\nConclusa la formazione tecnica della scuola dell&#8217;obbligo, da me scelta, invero, vengo travolto dal rock anni 70&#8230; negl&#8217;anni 2000: s\u00ec, sono d\u00e9mod\u00e9!<br \/>\nMi avvicino al web development abbastanza tardi e quasi per caso, mi prendo una cotta per WordPress che, dopo un lungo corteggiamento, ricambia.<br \/>\nReclutato sul forum di supporto di un tema su wp.org, inizio a lavorare su un progetto, ancora attivo, che mi porta a vivere per 1 anno e mezzo in Francia: Mon Dieu!<br \/>\nCredo in una relazione stabile con la mia freelance convinta che ama creare siti belli da vedere e facili da navigare.<\/p>\n\t\t\t\t<\/div>\n\t\t\t<\/div>\n\n\t\t\n\t<\/div><!-- .wcorg-organizers -->\n\t\n","protected":false},"excerpt":{"rendered":"","protected":false},"author":7230939,"featured_media":0,"parent":0,"menu_order":0,"comment_status":"closed","ping_status":"closed","template":"","meta":{"_crdt_document":"","jetpack_post_was_ever_published":false,"footnotes":""},"class_list":["post-12","page","type-page","status-publish","hentry"],"jetpack_sharing_enabled":true,"jetpack_shortlink":"https:\/\/wp.me\/PheMpW-c","_links":{"self":[{"href":"https:\/\/torino.wordcamp.org\/2018\/wp-json\/wp\/v2\/pages\/12","targetHints":{"allow":["GET"]}}],"collection":[{"href":"https:\/\/torino.wordcamp.org\/2018\/wp-json\/wp\/v2\/pages"}],"about":[{"href":"https:\/\/torino.wordcamp.org\/2018\/wp-json\/wp\/v2\/types\/page"}],"author":[{"embeddable":true,"href":"https:\/\/torino.wordcamp.org\/2018\/wp-json\/wp\/v2\/users\/7230939"}],"replies":[{"embeddable":true,"href":"https:\/\/torino.wordcamp.org\/2018\/wp-json\/wp\/v2\/comments?post=12"}],"version-history":[{"count":2,"href":"https:\/\/torino.wordcamp.org\/2018\/wp-json\/wp\/v2\/pages\/12\/revisions"}],"predecessor-version":[{"id":385,"href":"https:\/\/torino.wordcamp.org\/2018\/wp-json\/wp\/v2\/pages\/12\/revisions\/385"}],"wp:attachment":[{"href":"https:\/\/torino.wordcamp.org\/2018\/wp-json\/wp\/v2\/media?parent=12"}],"curies":[{"name":"wp","href":"https:\/\/api.w.org\/{rel}","templated":true}]}}