{"id":483,"date":"2018-01-20T21:36:00","date_gmt":"2018-01-20T20:36:00","guid":{"rendered":"https:\/\/2018.torino.wordcamp.org\/?page_id=483"},"modified":"2018-01-20T21:36:00","modified_gmt":"2018-01-20T20:36:00","slug":"evento","status":"publish","type":"page","link":"https:\/\/torino.wordcamp.org\/2018\/evento\/","title":{"rendered":"Evento"},"content":{"rendered":"<h2>COS\u2019\u00c8 WORDCAMP TORINO?<\/h2>\n<p>WordCamp Torino \u00e8 un evento organizzato dalla community torinese di WordPress.<br \/>\nL\u2019evento \u00e8 rivolto a tutti quelli\u00a0che, a qualsiasi livello, abbiano\u00a0un\u00a0<strong>interesse per WordPress<\/strong>: blogger, sviluppatori, web designer o semplici curiosi. Sarete tutti benvenuti!<\/p>\n<h2>LA CONFERENZA<\/h2>\n<p>WordCamp Torino si terr\u00e0\u00a0<strong>sabato 7 aprile 2018\u00a0<a href=\"https:\/\/2018.torino.wordcamp.org\/dove-e-quando\/\">presso Toolbox Coworking<\/a><\/strong>\u00a0e ci saranno interventi per tutti i gusti: si parler\u00e0 di temi dev ma anche di\u00a0contenuti, seo, marketing, business\u2026 tutto powered by WordPress!<\/p>\n<p>In qualsiasi momento della giornata potrai decidere quali interventi\u00a0seguire per imparare cose nuove e confrontarti con gli altri partecipanti \u2013 la traccia non ufficiale \u201cCorridoi e reception\u201d pullula sempre di incontri interessanti!<\/p>\n<h2>IL CONTRIBUTOR DAY<\/h2>\n<p>Per chi lo desidera,\u00a0<strong>il giorno precedente al WordCamp, venerd\u00ec 6 aprile, si terr\u00e0 il\u00a0Contributor Day<\/strong>:\u00a0una giornata di lavoro dove tutti insieme contribuiremo, secondo le nostre competenze, al progetto open source di WordPress. Non \u00e8 necessario che tu sappia programmare, basta aver\u00a0voglia di unirti a noi per collaborare a rendere pi\u00f9 grande questa comunit\u00e0. Ci saranno diversi tavoli di lavoro, sar\u00e0 divertente! I posti per partecipare a questa giornata sono limitati.<\/p>\n<p><em><strong>Pubblicheremo nelle prossime settimane il programma della giornata e altri post di approfondimento sul Contributor Day: iscriviti agli aggiornamenti inserendo la tua mail nel box che trovi qui a fianco, cos\u00ec riceverai le nostre notizie!\u00a0<\/strong><\/em><\/p>\n<h2>VOGLIO PARTECIPARE!<\/h2>\n<p>Presto saranno disponibili i biglietti. iscriviti agli aggiornamenti inserendo la tua mail nel box che trovi qui a fianco, cos\u00ec riceverai gli aggiornamenti.<br \/>\nIl costo \u00e8 simbolico e ci aiuta a coprire parte delle spese. Tutta l\u2019organizzazione del WordCamp \u00e8 fatta da volontari e le spese sono coperte dai nostri amati sponsor!<\/p>\n","protected":false},"excerpt":{"rendered":"<p>COS\u2019\u00c8 WORDCAMP TORINO? WordCamp Torino \u00e8 un evento organizzato dalla community torinese di WordPress. L\u2019evento \u00e8 rivolto a tutti quelli\u00a0che, a qualsiasi livello, abbiano\u00a0un\u00a0interesse per WordPress: blogger, sviluppatori, web designer o semplici curiosi. Sarete tutti benvenuti! LA CONFERENZA WordCamp Torino &hellip; <a href=\"https:\/\/torino.wordcamp.org\/2018\/evento\/\">Continua la lettura <span class=\"screen-reader-text\">Evento<\/span>  <span class=\"meta-nav\">&rarr;<\/span><\/a><\/p>\n","protected":false},"author":14492504,"featured_media":0,"parent":0,"menu_order":0,"comment_status":"closed","ping_status":"closed","template":"","meta":{"_crdt_document":"","jetpack_post_was_ever_published":false,"footnotes":""},"class_list":["post-483","page","type-page","status-publish","hentry"],"jetpack_sharing_enabled":true,"jetpack_shortlink":"https:\/\/wp.me\/PheMpW-7N","_links":{"self":[{"href":"https:\/\/torino.wordcamp.org\/2018\/wp-json\/wp\/v2\/pages\/483","targetHints":{"allow":["GET"]}}],"collection":[{"href":"https:\/\/torino.wordcamp.org\/2018\/wp-json\/wp\/v2\/pages"}],"about":[{"href":"https:\/\/torino.wordcamp.org\/2018\/wp-json\/wp\/v2\/types\/page"}],"author":[{"embeddable":true,"href":"https:\/\/torino.wordcamp.org\/2018\/wp-json\/wp\/v2\/users\/14492504"}],"replies":[{"embeddable":true,"href":"https:\/\/torino.wordcamp.org\/2018\/wp-json\/wp\/v2\/comments?post=483"}],"version-history":[{"count":1,"href":"https:\/\/torino.wordcamp.org\/2018\/wp-json\/wp\/v2\/pages\/483\/revisions"}],"predecessor-version":[{"id":484,"href":"https:\/\/torino.wordcamp.org\/2018\/wp-json\/wp\/v2\/pages\/483\/revisions\/484"}],"wp:attachment":[{"href":"https:\/\/torino.wordcamp.org\/2018\/wp-json\/wp\/v2\/media?parent=483"}],"curies":[{"name":"wp","href":"https:\/\/api.w.org\/{rel}","templated":true}]}}