{"id":1452,"date":"2019-03-05T18:26:04","date_gmt":"2019-03-05T18:26:04","guid":{"rendered":"https:\/\/2019.torino.wordcamp.org\/?page_id=1452"},"modified":"2019-03-06T15:56:21","modified_gmt":"2019-03-06T15:56:21","slug":"faq","status":"publish","type":"page","link":"https:\/\/torino.wordcamp.org\/2019\/faq\/","title":{"rendered":"FAQ"},"content":{"rendered":"\n<h3 class=\"wp-block-heading\">Quali saranno gli orari?<\/h3>\n\n\n\n<p class=\"wp-block-paragraph\">Gli orari verranno confermati a breve, una volta stabilita l\u2019agenda, nel frattempo ecco alcune indicazioni.<\/p>\n\n\n\n<p class=\"wp-block-paragraph\"><strong>Contributor Day \u2013 Venerd\u00ec 5 aprile<\/strong><br>Registrazione: 10:00<br>Sessioni: dalle 10:30 alle 17:00<\/p>\n\n\n\n<p class=\"wp-block-paragraph\"><strong>WordCamp (giorno della conferenza) \u2013 Sabato 6 aprile<\/strong><br>Registrazione: 08:30<br>Sessioni: dalle 09:15 alle 19:00<br>After Party: alle 19:00<\/p>\n\n\n\n<h3 class=\"wp-block-heading\">Qual \u00e8 la differenza fra venerd\u00ec e sabato?<\/h3>\n\n\n\n<p class=\"wp-block-paragraph\"><strong>Venerd\u00ec \u00e8 la giornata dedicata al Contributor Day.<\/strong><br>Una giornata di lavoro dove tutti insieme contribuiremo, secondo le nostre competenze, al progetto open source di WordPress. <br>Non \u00e8 necessario che tu sappia programmare, basta aver&nbsp;voglia di unirti a noi per collaborare a rendere pi\u00f9 grande questa comunit\u00e0. Ci saranno diversi tavoli di lavoro, sar\u00e0 divertente! I posti per partecipare a questa giornata sono limitati.<\/p>\n\n\n\n<p class=\"wp-block-paragraph\"><strong>Sabato \u00e8 il giorno della Conferenza:<\/strong><br>ci saranno interventi per tutti i gusti: si parler\u00e0 di temi dev ma anche di&nbsp;contenuti, seo, marketing, business\u2026 tutto powered by WordPress!<br>In qualsiasi momento della giornata potrai decidere quali interventi&nbsp;seguire per imparare cose nuove e confrontarti con gli altri partecipanti \u2013 la traccia non ufficiale \u201cCorridoi e reception\u201d pullula sempre di incontri interessanti!<br><br><\/p>\n\n\n\n<p class=\"wp-block-paragraph\">Terminata la conferenza non andare via! Il tempo di organizzare e saremo pronti per festeggiare tutti insieme all&#8217;After Party!<\/p>\n\n\n\n<h3 class=\"wp-block-heading\">Dove posso acquistare il biglietto?<\/h3>\n\n\n\n<p class=\"wp-block-paragraph\">I biglietti sono <a href=\"https:\/\/2019.torino.wordcamp.org\/tickets\/\">in vendita qui<\/a>. <\/p>\n\n\n\n<h3 class=\"wp-block-heading\">Posso venire solo al Contributor Day?<\/h3>\n\n\n\n<p class=\"wp-block-paragraph\">Si, ma dovrai comunque comprare il biglietto anche per la Conferenza. \u00c8 possibile realizzare l&#8217;evento grazie ai nostri sponsor, ma chiediamo anche un piccolo contributo spese ai partecipanti: grazie per la tua comprensione e il tuo contributo!<\/p>\n\n\n\n<h3 class=\"wp-block-heading\">I talk saranno in inglese?<\/h3>\n\n\n\n<p class=\"wp-block-paragraph\">S\u00ec, anche quest&#8217;anno ci onoriamo di avere tra gli speaker dei grandi relatori provenienti da altre Nazioni. <\/p>\n\n\n\n<h3 class=\"wp-block-heading\">Ci sar\u00e0 la traduzione per i talk in inglese?<\/h3>\n\n\n\n<p class=\"wp-block-paragraph\">No, purtroppo non ci sar\u00e0 la traduzione, ma ci sar\u00e0 la trascrizione live, cio\u00e8 tutti gli interventi saranno sottotitolati nella lingua in cui sono tenuti. <\/p>\n\n\n\n<h3 class=\"wp-block-heading\">Che livello \u00e8 richiesto per partecipare?<\/h3>\n\n\n\n<p class=\"wp-block-paragraph\">Abbiamo interventi per tutti i gusti e livelli. Non serve essere un super sviluppatore esperto (anche se avremo interventi anche dedicati a voi, nostri amati dev), ma aver voglia di approfondire, conoscere, discutere e incontrare chi, come te, \u00e8 appassionato di WordPress. Lo scopo principale di un WordCamp \u00e8 incontrarci, divertirci, conoscerci, scambiarci idee e buone pratiche e, s\u00ec, anche conoscenze \ud83d\ude09<\/p>\n\n\n\n<h3 class=\"wp-block-heading\">Dov&#8217;\u00e8 il mio biglietto d&#8217;ingresso? Dopo l&#8217;iscrizione ho ricevuto solo un&#8217;email<\/h3>\n\n\n\n<p class=\"wp-block-paragraph\">L&#8217;email che hai ricevuto funziona da conferma dell&#8217;iscrizione. Non ti occorre altro: quando ti presenterai, noi avremo l&#8217;elenco di chi si \u00e8 iscritto e alla reception ti forniremo un badge personalizzato.<\/p>\n\n\n\n<h3 class=\"wp-block-heading\">Ho bisogno della fattura, come posso richiederla?<\/h3>\n\n\n\n<p class=\"wp-block-paragraph\">Dopo aver comprato il biglietto, puoi compilare il modulo per la richiesta della fattura qui: &nbsp;<a href=\"http:\/\/bit.ly\/WCTRN-invoice\">http:\/\/bit.ly\/WCTRN-invoice<\/a><\/p>\n\n\n\n<h3 class=\"wp-block-heading\">Ho richiesto la fattura, ma non l&#8217;ho ancora ricevuta: come mai?<\/h3>\n\n\n\n<p class=\"wp-block-paragraph\">Scusa l&#8217;attesa, ma siamo volontari e alla fine il lavoro amministrativo si accumula. Pochi giorni prima dell&#8217;inizio dell&#8217;evento le spediremo tutte. Grazie per la tua pazienza e comprensione!<\/p>\n\n\n\n<h3 class=\"wp-block-heading\">Non posso pi\u00f9 venire, posso avere il rimborso?<\/h3>\n\n\n\n<p class=\"wp-block-paragraph\">Ci spiace tantissimo che tu non possa venire, ma no, non \u00e8 possibile avere il rimborso (i costi amministrativi sarebbero maggiori del prezzo del biglietto e, davvero, sarebbe troppo oneroso). Per\u00f2, buona notizia: puoi provare a rivenderlo a qualcuno. Leggi sotto come fare.<\/p>\n\n\n\n<h3 class=\"wp-block-heading\">Non posso pi\u00f9 venire: posso cedere il mio biglietto?<\/h3>\n\n\n\n<p class=\"wp-block-paragraph\">Urca, peccato se tu non puoi venire :(. Ma, s\u00ec puoi cedere o rivendere il tuo biglietto a chi vuoi. Prova a chiedere attraverso la nostra pagina <a href=\"https:\/\/www.facebook.com\/WordCampTorino\/\">Facebook<\/a>, oppure nel canale <a href=\"https:\/\/it.wordpress.org\/slack\/\">Slack<\/a> del wctrn (o attraverso Twitter). <strong>RICORDA: <\/strong>nella email di conferma dell&#8217;acquisto del biglietto che hai ricevuto, c&#8217;\u00e8 il link hai dati che hai inserito. <strong>Cambia il nominativo e chiedi a chi viene al posto tuo di aggiornare tutte le preferenze <\/strong>(prenderemo i dati da l\u00ec sia per organizzare il pranzo, sia per il badge ecc.).<\/p>\n\n\n\n<h3 class=\"wp-block-heading\">Come raggiungo il luogo dell&#8217;evento?<\/h3>\n\n\n\n<p class=\"wp-block-paragraph\"><a href=\"https:\/\/2019.torino.wordcamp.org\/dove-e-quando\/\">In questa pagina<\/a> trovi tutte le info che ti servono per raggiungerci! <\/p>\n\n\n\n<h3 class=\"wp-block-heading\">Cos&#8217;\u00e8 il Codice di Condotta?<\/h3>\n\n\n\n<p class=\"wp-block-paragraph\">WordCamp Torino ritiene che la<strong>&nbsp;community debba essere aperta a tutti<\/strong>. Per questo ci siamo impegnati a fornire un ambiente amichevole, sicuro ed accogliente, indipendentemente da sesso, orientamento sessuale, disabilit\u00e0, etnia, religione, sistema operativo preferito, linguaggio di programmazione o editor di testo.<\/p>\n\n\n\n<p class=\"wp-block-paragraph\">Questo codice di condotta delinea il comportamento che ci aspettiamo dai partecipanti, nonch\u00e9 le conseguenze in caso di comportamento inaccettabile.<\/p>\n\n\n\n<p class=\"wp-block-paragraph\"><a href=\"https:\/\/2019.torino.wordcamp.org\/codice-di-condotta\/\">Leggi il Codice di Condotta.<\/a><\/p>\n\n\n\n<h2 class=\"wp-block-heading\">Da chi \u00e8 organizzato il WordCamp?<\/h2>\n\n\n\n<p class=\"wp-block-paragraph\">Il WordCamp Torino \u00e8 organizzato da un gruppo di volontari  appassionati di WordPress. No, non sono pagati per organizzare l&#8217;evento: lo fanno perch\u00e9  amano contribuire alla Community del CMS (Content Management System) Open Source pi\u00f9 diffuso del web e restituire alla Community un po&#8217; di quanto ricevono da essa. Vuoi saperne di pi\u00f9? Vieni al Contributor Day di venerd\u00ec 5 aprile 2019: saremo felici di raccontarti di cosa si tratta!<\/p>\n\n\n\n<h2 class=\"wp-block-heading\">Ci sono altri WordCamp?<\/h2>\n\n\n\n<p class=\"wp-block-paragraph\">Hai voglia! Ogni anno ci sono moltissimi WordCamp in tutto il mondo. Scopri <a href=\"https:\/\/central.wordcamp.org\/schedule\/\" target=\"_blank\" rel=\"noreferrer noopener\" aria-label=\" (opens in a new tab)\">qui<\/a> i prossimi.<\/p>\n\n\n\n<h2 class=\"wp-block-heading\">Ci sono altre occasioni di incontrarsi oltre al WordCamp?<\/h2>\n\n\n\n<p class=\"wp-block-paragraph\">Certo! Ogni mese a Torino ci troviamo a ToolBox per il <a href=\"https:\/\/www.meetup.com\/WordPress-Meetup-Torino\/\">WordPress Meetup. <\/a>Iscriviti (\u00e8 free) e unisciti a noi!<\/p>\n","protected":false},"excerpt":{"rendered":"<p>Quali saranno gli orari? Gli orari verranno confermati a breve, una volta stabilita l\u2019agenda, nel frattempo ecco alcune indicazioni. Contributor Day \u2013 Venerd\u00ec 5 aprileRegistrazione: 10:00Sessioni: dalle 10:30 alle 17:00 WordCamp (giorno della conferenza) \u2013 Sabato 6 aprileRegistrazione: 08:30Sessioni: dalle &hellip; <a href=\"https:\/\/torino.wordcamp.org\/2019\/faq\/\">Continua la lettura <span class=\"screen-reader-text\">FAQ<\/span>  <span class=\"meta-nav\">&rarr;<\/span><\/a><\/p>\n","protected":false},"author":15311714,"featured_media":0,"parent":0,"menu_order":0,"comment_status":"closed","ping_status":"closed","template":"template-full-width.php","meta":{"_crdt_document":"","jetpack_post_was_ever_published":false,"footnotes":""},"class_list":["post-1452","page","type-page","status-publish","hentry"],"jetpack_sharing_enabled":true,"jetpack_shortlink":"https:\/\/wp.me\/PamRTJ-nq","_links":{"self":[{"href":"https:\/\/torino.wordcamp.org\/2019\/wp-json\/wp\/v2\/pages\/1452","targetHints":{"allow":["GET"]}}],"collection":[{"href":"https:\/\/torino.wordcamp.org\/2019\/wp-json\/wp\/v2\/pages"}],"about":[{"href":"https:\/\/torino.wordcamp.org\/2019\/wp-json\/wp\/v2\/types\/page"}],"author":[{"embeddable":true,"href":"https:\/\/torino.wordcamp.org\/2019\/wp-json\/wp\/v2\/users\/15311714"}],"replies":[{"embeddable":true,"href":"https:\/\/torino.wordcamp.org\/2019\/wp-json\/wp\/v2\/comments?post=1452"}],"version-history":[{"count":14,"href":"https:\/\/torino.wordcamp.org\/2019\/wp-json\/wp\/v2\/pages\/1452\/revisions"}],"predecessor-version":[{"id":1642,"href":"https:\/\/torino.wordcamp.org\/2019\/wp-json\/wp\/v2\/pages\/1452\/revisions\/1642"}],"wp:attachment":[{"href":"https:\/\/torino.wordcamp.org\/2019\/wp-json\/wp\/v2\/media?parent=1452"}],"curies":[{"name":"wp","href":"https:\/\/api.w.org\/{rel}","templated":true}]}}