{"id":1068,"date":"2019-02-27T11:06:03","date_gmt":"2019-02-27T11:06:03","guid":{"rendered":"https:\/\/2019.torino.wordcamp.org\/?post_type=wcb_session&#038;p=1068"},"modified":"2019-03-16T09:38:24","modified_gmt":"2019-03-16T09:38:24","slug":"diritto-alloblio-il-lusso-di-non-farsi-trovare","status":"publish","type":"wcb_session","link":"https:\/\/torino.wordcamp.org\/2019\/session\/diritto-alloblio-il-lusso-di-non-farsi-trovare\/","title":{"rendered":"Diritto all&#8217;oblio: il lusso di non farsi trovare"},"content":{"rendered":"<p>Tre esperti discutono di diritto all&#8217;oblio da tre punti di vista: legale, web reputation, SEO.<br \/>\nNon farsi trovare non \u00e8 solo un &#8220;lusso&#8221; ma \u00e8 un diritto di ogni cittadino europeo.<br \/>\nMa cos&#8217;\u00e8 il diritto all&#8217;oblio? A cosa serve? Quando e come posso sparire da Google o dai social? Cosa devo fare se viene richiesta la rimozione di un link sul mio sito?<\/p>\n<p>Ne parlano Francesco Arrighetti (Web Reputation Manager), Alessandro Vercellotti (Avvocato del digitale), Laura Venturini (Consulente SEO).<\/p>\n","protected":false},"excerpt":{"rendered":"<p>Tre esperti discutono di diritto all&#8217;oblio da tre punti di vista: legale, web reputation, SEO. Non farsi trovare non \u00e8 solo un &#8220;lusso&#8221; ma \u00e8 un diritto di ogni cittadino europeo. Ma cos&#8217;\u00e8 il diritto all&#8217;oblio? A cosa serve? Quando &hellip; <a href=\"https:\/\/torino.wordcamp.org\/2019\/session\/diritto-alloblio-il-lusso-di-non-farsi-trovare\/\">Continua la lettura <span class=\"screen-reader-text\">Diritto all&#8217;oblio: il lusso di non farsi trovare<\/span>  <span class=\"meta-nav\">&rarr;<\/span><\/a><\/p>\n","protected":false},"author":15644645,"featured_media":0,"template":"","meta":{"_crdt_document":"","jetpack_post_was_ever_published":false,"_wcpt_session_time":1554547800,"_wcpt_session_duration":3000,"_wcpt_session_type":"session","_wcpt_session_slides":"","_wcpt_session_video":"","_wcpt_speaker_id":[1067,872,1659],"footnotes":""},"session_track":[283635],"session_category":[],"class_list":["post-1068","wcb_session","type-wcb_session","status-publish","hentry","wcb_track-sala-1"],"jetpack_sharing_enabled":true,"jetpack_shortlink":"https:\/\/wp.me\/pamRTJ-he","session_date_time":{"date":"6 Aprile 2019","time":"12:50"},"session_speakers":[{"id":"1067","slug":"laura-venturini","name":"Laura Venturini","link":"https:\/\/torino.wordcamp.org\/2019\/speaker\/laura-venturini\/"},{"id":"872","slug":"alessandro-vercellotti","name":"Alessandro Vercellotti","link":"https:\/\/torino.wordcamp.org\/2019\/speaker\/alessandro-vercellotti\/"},{"id":"1659","slug":"francesco-arrighetti","name":"Francesco Arrighetti","link":"https:\/\/torino.wordcamp.org\/2019\/speaker\/francesco-arrighetti\/"}],"session_cats_rendered":null,"_links":{"self":[{"href":"https:\/\/torino.wordcamp.org\/2019\/wp-json\/wp\/v2\/sessions\/1068","targetHints":{"allow":["GET"]}}],"collection":[{"href":"https:\/\/torino.wordcamp.org\/2019\/wp-json\/wp\/v2\/sessions"}],"about":[{"href":"https:\/\/torino.wordcamp.org\/2019\/wp-json\/wp\/v2\/types\/wcb_session"}],"version-history":[{"count":1,"href":"https:\/\/torino.wordcamp.org\/2019\/wp-json\/wp\/v2\/sessions\/1068\/revisions"}],"predecessor-version":[{"id":1553,"href":"https:\/\/torino.wordcamp.org\/2019\/wp-json\/wp\/v2\/sessions\/1068\/revisions\/1553"}],"speakers":[{"embeddable":true,"href":"https:\/\/torino.wordcamp.org\/2019\/wp-json\/wp\/v2\/speakers\/1067"},{"embeddable":true,"href":"https:\/\/torino.wordcamp.org\/2019\/wp-json\/wp\/v2\/speakers\/872"},{"embeddable":true,"href":"https:\/\/torino.wordcamp.org\/2019\/wp-json\/wp\/v2\/speakers\/1659"}],"author":[{"embeddable":true,"href":"https:\/\/torino.wordcamp.org\/2019\/wp-json\/wporg\/v1\/users\/lauraventurini"}],"wp:attachment":[{"href":"https:\/\/torino.wordcamp.org\/2019\/wp-json\/wp\/v2\/media?parent=1068"}],"wp:term":[{"taxonomy":"wcb_track","embeddable":true,"href":"https:\/\/torino.wordcamp.org\/2019\/wp-json\/wp\/v2\/session_track?post=1068"},{"taxonomy":"wcb_session_category","embeddable":true,"href":"https:\/\/torino.wordcamp.org\/2019\/wp-json\/wp\/v2\/session_category?post=1068"}],"curies":[{"name":"wp","href":"https:\/\/api.w.org\/{rel}","templated":true}]}}

<p>Tre esperti discutono di diritto all&#8217;oblio da tre punti di vista: legale, web reputation, SEO.<br />
Non farsi trovare non è solo un &#8220;lusso&#8221; ma è un diritto di ogni cittadino europeo.<br />
Ma cos&#8217;è il diritto all&#8217;oblio? A cosa serve? Quando e come posso sparire da Google o dai social? Cosa devo fare se viene richiesta la rimozione di un link sul mio sito?</p>
<p>Ne parlano Francesco Arrighetti (Web Reputation Manager), Alessandro Vercellotti (Avvocato del digitale), Laura Venturini (Consulente SEO).</p>

<p>Tre esperti discutono di diritto all&#8217;oblio da tre punti di vista: legale, web reputation, SEO. Non farsi trovare non è solo un &#8220;lusso&#8221; ma è un diritto di ogni cittadino europeo. Ma cos&#8217;è il diritto all&#8217;oblio? A cosa serve? Quando &hellip; <a href="https://torino.wordcamp.org/2019/session/diritto-alloblio-il-lusso-di-non-farsi-trovare/">Continua la lettura <span class="screen-reader-text">Diritto all&#8217;oblio: il lusso di non farsi trovare</span>  <span class="meta-nav">&rarr;</span></a></p>
