{"id":1163,"date":"2019-02-27T11:05:40","date_gmt":"2019-02-27T11:05:40","guid":{"rendered":"https:\/\/2019.torino.wordcamp.org\/?post_type=wcb_session&#038;p=1163"},"modified":"2019-03-16T22:52:00","modified_gmt":"2019-03-16T22:52:00","slug":"scegliere-il-tema-giusto-per-un-blog-multiautore-e-multilingue-una-case-study","status":"publish","type":"wcb_session","link":"https:\/\/torino.wordcamp.org\/2019\/session\/scegliere-il-tema-giusto-per-un-blog-multiautore-e-multilingue-una-case-study\/","title":{"rendered":"Scegliere il tema giusto per un blog multiautore e multilingue (un case study)"},"content":{"rendered":"<p>Estate 2015: nasce \u201cViaggio da sola perch\u00e9\u201d un progetto dedicato alle donne che viaggiano da sole. Ho progettato e costruito il sito in meno di un mese, con poca esperienza di WordPress alle spalle, nessun feedback da analizzare, solo due esigenze: doveva essere multiautore e multilingue.<\/p>\n<p>Estate 2018: tre anni dopo il progetto \u00e8 cresciuto e si \u00e8 evoluto. Alle sue spalle ha una community di pi\u00f9 di 10.000 iscritte al gruppo Facebook, da 2 autrici \u00e8 passato ad averne 18, alcune delle cose che funzionavano 3 anni prima adesso non funzionano pi\u00f9. Regna il caos tra il men\u00f9 e tra i plugin. \u00c8 necessario un restyle.<\/p>\n<p>Adesso ho l\u2019esperienza nella progettazione di siti web con WordPress, la possibilit\u00e0 di parlare con una community che pu\u00f2 darmi feedback reali e importanti, una visione pi\u00f9 chiara del futuro del progetto e anche di ci\u00f2 che non funziona pi\u00f9 e che quindi devo lasciare andare.<\/p>\n<p>Questo \u00e8 il case study di come ho scelto il tema per Viaggio da sola perch\u00e9 &#8211; progetto articolato, blog multiautore e multilingue &#8211; secondo caratteristiche specifiche, esigenze dettate dalla complessit\u00e0 del progetto, dalle evoluzioni future e dalle richieste del pubblico. Quali compromessi ho dovuto fare, a cosa ho dovuto rinunciare e come ho trovato la soluzione a queste rinunce per scegliere il tema pi\u00f9 adatto alle esigenze del progetto, sia presenti che future.<\/p>\n","protected":false},"excerpt":{"rendered":"<p>Estate 2015: nasce \u201cViaggio da sola perch\u00e9\u201d un progetto dedicato alle donne che viaggiano da sole. Ho progettato e costruito il sito in meno di un mese, con poca esperienza di WordPress alle spalle, nessun feedback da analizzare, solo due &hellip; <a href=\"https:\/\/torino.wordcamp.org\/2019\/session\/scegliere-il-tema-giusto-per-un-blog-multiautore-e-multilingue-una-case-study\/\">Continua la lettura <span class=\"screen-reader-text\">Scegliere il tema giusto per un blog multiautore e multilingue (un case study)<\/span>  <span class=\"meta-nav\">&rarr;<\/span><\/a><\/p>\n","protected":false},"author":14897052,"featured_media":0,"template":"","meta":{"_crdt_document":"","jetpack_post_was_ever_published":false,"_wcpt_session_time":1551258000,"_wcpt_session_duration":3000,"_wcpt_session_type":"session","_wcpt_session_slides":"","_wcpt_session_video":"","_wcpt_speaker_id":[1162],"footnotes":""},"session_track":[],"session_category":[],"class_list":["post-1163","wcb_session","type-wcb_session","status-publish","hentry"],"jetpack_sharing_enabled":true,"jetpack_shortlink":"https:\/\/wp.me\/pamRTJ-iL","session_date_time":{"date":"27 Febbraio 2019","time":"11:00"},"session_speakers":[{"id":"1162","slug":"dana-donato","name":"Dana Donato","link":"https:\/\/torino.wordcamp.org\/2019\/speaker\/dana-donato\/"}],"session_cats_rendered":null,"_links":{"self":[{"href":"https:\/\/torino.wordcamp.org\/2019\/wp-json\/wp\/v2\/sessions\/1163","targetHints":{"allow":["GET"]}}],"collection":[{"href":"https:\/\/torino.wordcamp.org\/2019\/wp-json\/wp\/v2\/sessions"}],"about":[{"href":"https:\/\/torino.wordcamp.org\/2019\/wp-json\/wp\/v2\/types\/wcb_session"}],"version-history":[{"count":2,"href":"https:\/\/torino.wordcamp.org\/2019\/wp-json\/wp\/v2\/sessions\/1163\/revisions"}],"predecessor-version":[{"id":1820,"href":"https:\/\/torino.wordcamp.org\/2019\/wp-json\/wp\/v2\/sessions\/1163\/revisions\/1820"}],"speakers":[{"embeddable":true,"href":"https:\/\/torino.wordcamp.org\/2019\/wp-json\/wp\/v2\/speakers\/1162"}],"author":[{"embeddable":true,"href":"https:\/\/torino.wordcamp.org\/2019\/wp-json\/wporg\/v1\/users\/danuccia"}],"wp:attachment":[{"href":"https:\/\/torino.wordcamp.org\/2019\/wp-json\/wp\/v2\/media?parent=1163"}],"wp:term":[{"taxonomy":"wcb_track","embeddable":true,"href":"https:\/\/torino.wordcamp.org\/2019\/wp-json\/wp\/v2\/session_track?post=1163"},{"taxonomy":"wcb_session_category","embeddable":true,"href":"https:\/\/torino.wordcamp.org\/2019\/wp-json\/wp\/v2\/session_category?post=1163"}],"curies":[{"name":"wp","href":"https:\/\/api.w.org\/{rel}","templated":true}]}}

<p>Estate 2015: nasce “Viaggio da sola perché” un progetto dedicato alle donne che viaggiano da sole. Ho progettato e costruito il sito in meno di un mese, con poca esperienza di WordPress alle spalle, nessun feedback da analizzare, solo due esigenze: doveva essere multiautore e multilingue.</p>
<p>Estate 2018: tre anni dopo il progetto è cresciuto e si è evoluto. Alle sue spalle ha una community di più di 10.000 iscritte al gruppo Facebook, da 2 autrici è passato ad averne 18, alcune delle cose che funzionavano 3 anni prima adesso non funzionano più. Regna il caos tra il menù e tra i plugin. È necessario un restyle.</p>
<p>Adesso ho l’esperienza nella progettazione di siti web con WordPress, la possibilità di parlare con una community che può darmi feedback reali e importanti, una visione più chiara del futuro del progetto e anche di ciò che non funziona più e che quindi devo lasciare andare.</p>
<p>Questo è il case study di come ho scelto il tema per Viaggio da sola perché &#8211; progetto articolato, blog multiautore e multilingue &#8211; secondo caratteristiche specifiche, esigenze dettate dalla complessità del progetto, dalle evoluzioni future e dalle richieste del pubblico. Quali compromessi ho dovuto fare, a cosa ho dovuto rinunciare e come ho trovato la soluzione a queste rinunce per scegliere il tema più adatto alle esigenze del progetto, sia presenti che future.</p>

<p>Estate 2015: nasce “Viaggio da sola perché” un progetto dedicato alle donne che viaggiano da sole. Ho progettato e costruito il sito in meno di un mese, con poca esperienza di WordPress alle spalle, nessun feedback da analizzare, solo due &hellip; <a href="https://torino.wordcamp.org/2019/session/scegliere-il-tema-giusto-per-un-blog-multiautore-e-multilingue-una-case-study/">Continua la lettura <span class="screen-reader-text">Scegliere il tema giusto per un blog multiautore e multilingue (un case study)</span>  <span class="meta-nav">&rarr;</span></a></p>
